{"id":77,"date":"2022-10-17T07:03:13","date_gmt":"2022-10-17T12:03:13","guid":{"rendered":"https:\/\/409asesores.com\/index.php\/services\/"},"modified":"2023-09-12T16:59:42","modified_gmt":"2023-09-12T22:59:42","slug":"services","status":"publish","type":"page","link":"https:\/\/409asesores.com\/index.php\/services\/","title":{"rendered":"Servicios"},"content":{"rendered":"\n<div class=\"wp-block-uagb-container uagb-block-bb76ffd8 alignfull uagb-is-root-container\"><div class=\"uagb-container-inner-blocks-wrap\">\n<div class=\"wp-block-uagb-advanced-heading uagb-block-55975aef\"><h1 class=\"uagb-heading-text\"><strong>SERVICIOS<\/strong><\/h1><\/div>\n<\/div><\/div>\n\n\n\n<div class=\"wp-block-uagb-container uagb-block-07ef4723 alignfull uagb-is-root-container\"><div class=\"uagb-container-inner-blocks-wrap\">\n<div class=\"wp-block-uagb-container uagb-block-3badc9eb\">\n<div class=\"wp-block-uagb-info-box uagb-block-9b5f4b63 uagb-infobox__content-wrap  uagb-infobox-icon-above-title uagb-infobox-image-valign-top\"><div class=\"uagb-ifb-content\"><div class=\"uagb-ifb-title-wrap\"><h3 class=\"uagb-ifb-title\">Gastos m\u00e9dicos mayores<\/h3><\/div><p class=\"uagb-ifb-desc\">\u00a1Bienvenidos a nuestro sitio, donde la tranquilidad y la protecci\u00f3n de tu salud son nuestra prioridad n\u00famero uno!<br>Somos tu equipo de expertos en seguros de gastos m\u00e9dicos mayores, comprometidos en brindarte una experiencia excepcional que va m\u00e1s all\u00e1 de la simple p\u00f3liza.<br>Aqu\u00ed, nos enorgullece ofrecerte una amplia gama de servicios dise\u00f1ados para garantizar que obtengas la mejor cobertura posible.<br>**\u00bfPor qu\u00e9 Elegir Nuestros Servicios?** Sabemos que tomar decisiones sobre seguros puede ser abrumador, especialmente cuando se trata de tu salud y bienestar.<br>Es por eso que estamos aqu\u00ed para simplificar el proceso y guiarte en cada paso del camino.<br>Nuestro equipo de agentes de seguros altamente capacitados comprende las complejidades de los seguros de gastos m\u00e9dicos mayores y est\u00e1 comprometido en encontrar la soluci\u00f3n perfecta para tus necesidades \u00fanicas.<\/p><div class=\"uagb-ifb-button-wrapper wp-block-button\"><a href=\"https:\/\/409asesores.com\/index.php\/contact\/\" class=\"uagb-infobox-cta-link wp-block-button__link\" target=\"_self\" rel=\"noopener noreferrer\" onclick=\"return true;\" alt=\"\"><span class=\"uagb-inline-editing\">CONTACTAR<\/span><\/a><\/div><\/div><\/div>\n<\/div>\n\n\n\n<div class=\"wp-block-uagb-container uagb-block-4170b3de\">\n<div class=\"wp-block-uagb-image uagb-block-1801595c wp-block-uagb-image--layout-default wp-block-uagb-image--effect-static wp-block-uagb-image--align-none\"><figure class=\"wp-block-uagb-image__figure\"><img decoding=\"async\" srcset=\"https:\/\/409asesores.com\/wp-content\/uploads\/2023\/08\/young-man-being-ill-hospital-bed-1024x683.jpg ,https:\/\/websitedemos.net\/earth-08\/wp-content\/uploads\/sites\/1130\/2022\/10\/Graphic-Design-1024x806.jpg 780w, https:\/\/409asesores.com\/wp-content\/uploads\/2023\/08\/young-man-being-ill-hospital-bed-1024x683.jpg 360w\" sizes=\"(max-width: 480px) 150px\" src=\"https:\/\/409asesores.com\/wp-content\/uploads\/2023\/08\/young-man-being-ill-hospital-bed-1024x683.jpg\" alt=\"\" class=\"uag-image-965\" width=\"1024\" height=\"637\" title=\"\" loading=\"lazy\"\/><\/figure><\/div>\n<\/div>\n<\/div><\/div>\n\n\n\n<div class=\"wp-block-uagb-container uagb-block-c4c57e58 alignfull uagb-is-root-container\"><div class=\"uagb-container-inner-blocks-wrap\">\n<div class=\"wp-block-uagb-container uagb-block-857d6001\">\n<div class=\"wp-block-uagb-image uagb-block-55d26514 wp-block-uagb-image--layout-default wp-block-uagb-image--effect-static wp-block-uagb-image--align-none\"><figure class=\"wp-block-uagb-image__figure\"><img decoding=\"async\" srcset=\"https:\/\/409asesores.com\/wp-content\/uploads\/2023\/08\/happy-female-doctor-giving-high-fie-little-boy-who-came-with-father-hospital-1024x683.jpg , https:\/\/409asesores.com\/wp-content\/uploads\/2023\/08\/happy-female-doctor-giving-high-fie-little-boy-who-came-with-father-hospital-1024x683.jpg 360w\" sizes=\"(max-width: 480px) 150px\" src=\"https:\/\/409asesores.com\/wp-content\/uploads\/2023\/08\/happy-female-doctor-giving-high-fie-little-boy-who-came-with-father-hospital-1024x683.jpg\" alt=\"\" class=\"uag-image-967\" width=\"1020\" height=\"547\" title=\"\" loading=\"lazy\"\/><\/figure><\/div>\n<\/div>\n\n\n\n<div class=\"wp-block-uagb-container uagb-block-bc8bba1f\">\n<div class=\"wp-block-uagb-info-box uagb-block-b76e4e8d uagb-infobox__content-wrap  uagb-infobox-icon-above-title uagb-infobox-image-valign-top\"><div class=\"uagb-ifb-content\"><div class=\"uagb-ifb-title-wrap\"><h3 class=\"uagb-ifb-title\">Planes de salud<\/h3><\/div><p class=\"uagb-ifb-desc\">En nuestro compromiso constante de brindarte la mejor protecci\u00f3n y tranquilidad en el \u00e1mbito de la salud, queremos compartir contigo que somos mucho m\u00e1s que expertos en seguros de gastos m\u00e9dicos mayores.<br>Somos tu socio integral en salud, aqu\u00ed para guiarte no solo en situaciones cr\u00edticas, sino tambi\u00e9n en la prevenci\u00f3n y el bienestar a largo plazo.<br>**Cobertura Total en Salud** Comprendemos que la salud es un viaje continuo que abarca desde la prevenci\u00f3n hasta la atenci\u00f3n m\u00e9dica especializada.<br>Es por eso que te ofrecemos una amplia gama de opciones, que incluyen planes de salud dise\u00f1ados para mantener tu bienestar en \u00f3ptimas condiciones.<br>Estos planes no solo cubren gastos m\u00e9dicos menores, como consultas y ex\u00e1menes de rutina,<br>sino que tambi\u00e9n est\u00e1n dise\u00f1ados para fomentar la prevenci\u00f3n de enfermedades a trav\u00e9s de programas de bienestar y atenci\u00f3n m\u00e9dica preventiva.<\/p><div class=\"uagb-ifb-button-wrapper wp-block-button\"><a href=\"https:\/\/409asesores.com\/index.php\/contact\/\" class=\"uagb-infobox-cta-link wp-block-button__link\" target=\"_self\" rel=\"noopener noreferrer\" onclick=\"return true;\" alt=\"\"><span class=\"uagb-inline-editing\">CONTACTAR<\/span><\/a><\/div><\/div><\/div>\n<\/div>\n<\/div><\/div>\n\n\n\n<div class=\"wp-block-uagb-container uagb-block-ba229c41 alignfull uagb-is-root-container\"><div class=\"uagb-container-inner-blocks-wrap\">\n<div class=\"wp-block-uagb-container uagb-block-9cd4390f\">\n<div class=\"wp-block-uagb-info-box uagb-block-d99c4fc3 uagb-infobox__content-wrap  uagb-infobox-icon-above-title uagb-infobox-image-valign-top\"><div class=\"uagb-ifb-content\"><div class=\"uagb-ifb-title-wrap\"><h3 class=\"uagb-ifb-title\">Seguros de vida<\/h3><\/div><p class=\"uagb-ifb-desc\">En un mundo lleno de incertidumbre, tu familia y su bienestar son lo m\u00e1s importante.<br>En nuestro compromiso de brindarte soluciones de protecci\u00f3n integral, nos enorgullece recomendarte la mejor asesor\u00eda en seguros de vida.<br>Sabemos que planificar para el futuro es una decisi\u00f3n importante y sensata, y estamos aqu\u00ed para ayudarte a garantizar que tus seres queridos puedan seguir adelante con tranquilidad, incluso en situaciones dif\u00edciles.<br>**Seguros de Vida: Una Red de Seguridad Financiera** Cuando eliges uno de nuestros seguros de vida, est\u00e1s eligiendo m\u00e1s que una simple p\u00f3liza.<\/p><div class=\"uagb-ifb-button-wrapper wp-block-button\"><a href=\"https:\/\/409asesores.com\/index.php\/contact\/\" class=\"uagb-infobox-cta-link wp-block-button__link\" target=\"_self\" rel=\"noopener noreferrer\" onclick=\"return true;\" alt=\"\"><span class=\"uagb-inline-editing\">CONTACTAR<\/span><\/a><\/div><\/div><\/div>\n<\/div>\n\n\n\n<div class=\"wp-block-uagb-container uagb-block-1a727da3\">\n<div class=\"wp-block-uagb-image uagb-block-0c7ec733 wp-block-uagb-image--layout-default wp-block-uagb-image--effect-static wp-block-uagb-image--align-none\"><figure class=\"wp-block-uagb-image__figure\"><img decoding=\"async\" srcset=\"https:\/\/409asesores.com\/wp-content\/uploads\/2023\/08\/family-moving-using-boxes-1024x683.jpg ,https:\/\/websitedemos.net\/earth-08\/wp-content\/uploads\/sites\/1130\/2022\/10\/Graphic-Design-1024x806.jpg 780w, https:\/\/409asesores.com\/wp-content\/uploads\/2023\/08\/family-moving-using-boxes-1024x683.jpg 360w\" sizes=\"(max-width: 480px) 150px\" src=\"https:\/\/409asesores.com\/wp-content\/uploads\/2023\/08\/family-moving-using-boxes-1024x683.jpg\" alt=\"\" class=\"uag-image-968\" width=\"1024\" height=\"587\" title=\"\" loading=\"lazy\"\/><\/figure><\/div>\n<\/div>\n<\/div><\/div>\n\n\n\n<div class=\"wp-block-uagb-container uagb-block-c6306452 alignfull uagb-is-root-container\"><div class=\"uagb-container-inner-blocks-wrap\">\n<div class=\"wp-block-uagb-call-to-action uagb-block-f5c2c5f3 wp-block-button\"><div class=\"uagb-cta__wrap\"><h2 class=\"uagb-cta__title\">\u00bfEn qu\u00e9 podemos ayudar?<\/h2><p class=\"uagb-cta__desc\"><strong>\u00bfTiene alguna pregunta? Siempre estamos dispuestos a asesorarlo sea nuestro cliente o no. P\u00f3ngase en contacto con nosotros.<\/strong><\/p><\/div><div class=\"uagb-cta__buttons\"><a href=\"https:\/\/409asesores.com\/index.php\/contact\/\" class=\"uagb-cta__button-link-wrapper wp-block-button__link\" target=\"_self\" rel=\"noopener noreferrer\">CONTACTAR<\/a><\/div><\/div>\n<\/div><\/div>\n","protected":false},"excerpt":{"rendered":"<p>SERVICIOS<\/p>\n","protected":false},"author":1,"featured_media":0,"parent":0,"menu_order":0,"comment_status":"closed","ping_status":"closed","template":"","meta":{"_uag_custom_page_level_css":"","site-sidebar-layout":"default","site-content-layout":"","ast-site-content-layout":"default","site-content-style":"default","site-sidebar-style":"default","ast-global-header-display":"","ast-banner-title-visibility":"","ast-main-header-display":"","ast-hfb-above-header-display":"","ast-hfb-below-header-display":"","ast-hfb-mobile-header-display":"","site-post-title":"disabled","ast-breadcrumbs-content":"","ast-featured-img":"","footer-sml-layout":"","theme-transparent-header-meta":"disabled","adv-header-id-meta":"","stick-header-meta":"","header-above-stick-meta":"","header-main-stick-meta":"","header-below-stick-meta":"","astra-migrate-meta-layouts":"set","footnotes":""},"uagb_featured_image_src":{"full":false,"thumbnail":false,"medium":false,"medium_large":false,"large":false,"1536x1536":false,"2048x2048":false},"uagb_author_info":{"display_name":"mmartinez.seguross","author_link":"https:\/\/409asesores.com\/index.php\/author\/mmartinez-seguross\/"},"uagb_comment_info":0,"uagb_excerpt":"SERVICIOS","_links":{"self":[{"href":"https:\/\/409asesores.com\/index.php\/wp-json\/wp\/v2\/pages\/77"}],"collection":[{"href":"https:\/\/409asesores.com\/index.php\/wp-json\/wp\/v2\/pages"}],"about":[{"href":"https:\/\/409asesores.com\/index.php\/wp-json\/wp\/v2\/types\/page"}],"author":[{"embeddable":true,"href":"https:\/\/409asesores.com\/index.php\/wp-json\/wp\/v2\/users\/1"}],"replies":[{"embeddable":true,"href":"https:\/\/409asesores.com\/index.php\/wp-json\/wp\/v2\/comments?post=77"}],"version-history":[{"count":25,"href":"https:\/\/409asesores.com\/index.php\/wp-json\/wp\/v2\/pages\/77\/revisions"}],"predecessor-version":[{"id":1092,"href":"https:\/\/409asesores.com\/index.php\/wp-json\/wp\/v2\/pages\/77\/revisions\/1092"}],"wp:attachment":[{"href":"https:\/\/409asesores.com\/index.php\/wp-json\/wp\/v2\/media?parent=77"}],"curies":[{"name":"wp","href":"https:\/\/api.w.org\/{rel}","templated":true}]}}